 15. Determine h(13).
236
Let a(k) = -4*k**3 + 105*k**2 - 24*k - 42. What is a(26)?
10
Let f(t) = t**3 - 19*t**2 + 29*t + 58. Determine f(17).
-27
Let t(i) = -i**3 - 15*i**2 - 20*i - 520. Calculate t(-17).
398
Let u(v) = -514*v - 2043. What is u(-4)?
13
Let l(f) = -193*f + 2268. Calculate l(12).
-48
Let f(c) = -c**2 - c + 1037. Calculate f(35).
-223
Let h(t) = 2*t**3 - 13*t**2 + 30*t - 152. Give h(6).
-8
Let y(s) = -s**3 - 16*s**2 + 149*s + 2213. What is y(-17)?
-31
Let f(k) = -k**3 - 9*k**2 - 15*k - 8. Give f(0).
-8
Let x(r) = -12217*r + 85518. Give x(7).
-1
Let x(i) = -5*i + 7. Calculate x(3).
-8
Let k(q) = -382*q - 40496. Determine k(-106).
-4
Let t(g) = 15*g**2 - 1814*g - 191. What is t(121)?
-70
Let q(s) = -s**2 - 94*s + 310. What is q(3)?
19
Let v(d) = d**3 - 104*d**2 + 2328*d - 768. What is v(32)?
0
Let t(h) = -8*h**2 - 614*h - 8. Give t(-77).
-162
Let g(h) = -h**3 - 8*h**2 + 43*h + 98. Calculate g(-11).
-12
Let q(i) = 2*i**3 + 28*i**2 + 46*i - 7. What is q(-12)?
17
Let s(b) = 929*b - 6111. Determine s(6).
-537
Let d(w) = -w**2 - 66*w - 1090. Determine d(-30).
-10
Let o(x) = -22*x - 888. Determine o(-43).
58
Let l(o) = 8*o**2 + 205*o - 77. Give l(-26).
1
Let y(v) = v**3 - 68*v**2 - 140*v + 96. What is y(70)?
96
Let o(d) = -2*d**2 - 12*d + 922. What is o(-24)?
58
Let l(u) = -85*u**3 + 3*u**2 - u. Give l(-1).
89
Let g(t) = t**2 - 60*t + 598. What is g(47)?
-13
Let c(o) = o**3 - 13*o**2 - 11*o + 358. Determine c(11).
-5
Let d(r) = -r**3 - 15*r**2 - 2*r + 158. Calculate d(-14).
-10
Let y(v) = -2*v**2 + 11*v + 491. What is y(23)?
-314
Let u(i) = 29*i - 99. Give u(3).
-12
Let n(q) = 4*q**3 - 52*q**2 - 26*q - 6. Calculate n(13).
-344
Let m(l) = 115*l + 4268. What is m(-40)?
-332
Let v(k) = -37*k + 648. Calculate v(18).
-18
Let s(b) = -28*b**2 - 3386*b + 241. Give s(-121).
-1
Let a(m) = 14*m - 217. What is a(20)?
63
Let d(w) = -4*w**2 - 101*w + 2288. What is d(15)?
-127
Let z(l) = -328*l + 4264. What is z(13)?
0
Let i(l) = -l**2 - 9*l + 103. Give i(-16).
-9
Let d(x) = 270*x - 4320. What is d(16)?
0
Let y(h) = 356*h - 3215. Determine y(9).
-11
Let y(a) = -26*a**2 + 7480*a + 2305. What is y(288)?
1
Let r(b) = -b**2 - 246*b + 3634. What is r(14)?
-6
Let w(h) = 356*h**3 - 11*h + 12. Give w(1).
357
Let x(h) = -1053*h - 23147. Give x(-22).
19
Let f(h) = h**3 - 4*h**2 - 39*h + 3. Determine f(5).
-167
Let x(c) = -c**2 - 25*c + 299. Give x(0).
299
Let h(u) = -27098*u - 162570. Calculate h(-6).
18
Let n(v) = 22*v**3 + 4*v**2 - v - 4. Determine n(1).
21
Let v(p) = p**2 - 49*p - 786. Determine v(-19).
506
Let x(a) = 7*a**3 + 109*a**2 - 46*a + 4. What is x(-16)?
-28
Let g(n) = n**3 - 13*n**2 - 59*n + 189. What is g(16)?
13
Let h(o) = -2*o**2 + 91*o - 660. Determine h(35).
75
Let k(v) = -20*v - 158. Give k(-9).
22
Let h(j) = -9*j**3 + 11*j**2 - 128*j + 119. Determine h(1).
-7
Let t(o) = -11*o**2 - 135*o - 267. Calculate t(-10).
-17
Let x(u) = u**3 - 44*u**2 + 167*u - 138. What is x(40)?
142
Let x(a) = -a**2 - 27*a - 101. Determine x(-19).
51
Let b(o) = 10*o**2 + 1301*o + 127. Give b(-130).
-3
Let f(k) = 2*k**3 - 73*k**2 + 41*k - 169. What is f(36)?
11
Let y(q) = 22*q - 1428. Give y(65).
2
Let h(o) = 3*o**2 + 264*o - 4332. Calculate h(14).
-48
Let y(l) = 45*l - 298. Calculate y(7).
17
Let k(c) = 20*c + 232. Calculate k(-6).
112
Let n(r) = 18*r**3 - 2*r**2 + 2*r + 5. What is n(-1)?
-17
Let a(s) = 4*s**2 + 74*s - 148. What is a(2)?
16
Let t(x) = x**3 + 40*x**2 + 37*x - 120. Determine t(-39).
-42
Let b(v) = 187*v - 1947. Give b(11).
110
Let g(b) = b**2 + 12*b - 159. Calculate g(-20).
1
Let i(f) = -2*f + 295. Calculate i(-57).
409
Let j(u) = -2*u**2 + 160*u - 1509. Give j(69).
9
Let f(t) = t**3 + 19*t**2 + 55*t - 17. Give f(-13).
282
Let t(b) = 1844*b + 1823. Give t(-1).
-21
Let y(s) = 97*s + 32. Calculate y(-1).
-65
Let x(h) = 3*h**3 + 13*h**2 + 14*h + 19. What is x(-5)?
-101
Let x(j) = -2*j**3 - 28*j**2 - 2*j - 28. What is x(-14)?
0
Let b(z) = -320*z + 1311. Determine b(5).
-289
Let d(x) = 578*x - 3996. What is d(7)?
50
Let j(d) = 12*d - 279. Determine j(22).
-15
Let v(h) = 4*h**2 + 3*h - 9. Calculate v(7).
208
Let y(o) = 2*o**2 + 72*o + 235. Calculate y(-31).
-75
Let a(l) = -3*l**3 - 7*l**2 - 4*l - 11. Determine a(-3).
19
Let h(l) = 10756*l + 75288. Calculate h(-7).
-4
Let d(b) = 4*b**2 + 10*b - 198. What is d(6)?
6
Let t(r) = 4*r**2 - 19*r + 9. What is t(4)?
-3
Let a(s) = -61*s + 799. Give a(10).
189
Let g(m) = -34*m + 2760. What is g(81)?
6
Let z(d) = 17*d**3 + 3*d**2 - 2*d - 2. What is z(1)?
16
Let m(n) = n**3 - 6*n**2 - 16*n + 3. Determine m(8).
3
Let a(w) = -w**3 + 14*w**2 - 102*w + 77. Give a(7).
-294
Let c(v) = -59*v - 1049. Give c(-25).
426
Let t(f) = -1687*f - 30365. Determine t(-18).
1
Let m(a) = -381*a + 31599. What is m(83)?
-24
Let z(k) = k**3 + 38*k**2 - 18*k + 815. Give z(-39).
-4
Let x(s) = -2*s**2 - 1500*s + 12123. Determine x(8).
-5
Let y(l) = -l**3 - 21*l**2 - 19*l + 45. Determine y(-20).
25
Let t(h) = -14*h**2 + 305*h - 453. What is t(20)?
47
Let l(g) = -156*g - 2. What is l(0)?
-2
Let b(h) = -3*h**2 - 99*h - 107. Determine b(-32).
-11
Let d(u) = -u**3 + 93*u**2 + 179*u + 1142. Determine d(95).
97
Let p(m) = m**3 + 2*m**2 - 18*m + 5. Give p(-7).
-114
Let c(h) = -h**3 + 24*h**2 - 160*h + 3153. Give c(23).
2
Let m(v) = 78*v + 880. What is m(-7)?
334
Let u(n) = 44*n - 689. Calculate u(19).
147
Let h(q) = q**3 + 3*q**2 - 43. Give h(0).
-43
Let f(d) = d**3 - 16*d**2 + 39*d + 92. Determine f(14).
246
Let u(n) = -n**3 + 8*n**2 + 26*n - 45. Determine u(3).
78
Let p(r) = -2*r**2 + 62*r - 5. Calculate p(0).
-5
Let y(f) = 5*f**2 + 21*f - 1125. Calculate y(13).
-7
Let z(m) = -14*m - 101. Give z(8).
-213
Let r(g) = -g**2 - g + 303. What is r(-18)?
-3
Let x(j) = 2*j**3 + 90*j**2 - 10*j - 365. What is x(-45)?
85
Let y(k) = -8*k**2 - 40*k - 75. Calculate y(-2).
-27
Let r(p) = 1740*p - 60909. Give r(35).
-9
Let a(u) = 2*u**3 + 40*u**2 + 143*u - 38. Give a(-16).
-278
Let v(h) = -15*h + 366. Calculate v(23).
21
Let l(c) = -31*c**2 - 67*c + 6. What is l(-5)?
-434
Let q(r) = -5*r - 2. Determine q(-11).
53
Let a(o) = o**3 + 27*o**2 - 42*o + 353. What is a(-29)?
-111
Let r(u) = 2*u**3 - 4*u**2 - 104*u + 521. What is r(6)?
185
Let c(h) = 13*h**2 - 13*h - 30. Calculate c(-4).
230
Let i(n) = 182*n + 972. Determine i(-7).
-302
Let g(k) = 34*k - 89. Give g(5).
81
Let j(o) = -o**2 - 59*o + 2917. What is j(32)?
5
Let x(q) = q**2 + 189*q + 1615. Calculate x(-9).
-5
Let s(c) = 4*c**3 + 3*c**2 + 5*c + 8. Give s(-3).
-88
Let z(w) = 289*w + 5786. What is z(-20)?
6
Let w(u) = -u**3 + 74*u**2 - 390*u - 1228. What is w(68)?
-4
Let s(u) = -180*u + 44843. Give s(249).
23
Let n(z) = -z**3 + z**2 + 69*z + 212. What is n(10)?
2
Let u(x) = 4*x**3 - 42*x**2 + 53*x + 18. Determine u(9).
9
Let d(g) = 2*g**3 - 52*g**2 + 174*g + 39. Give d(22).
-5
Let z(y) = y**2 + 497*y + 2471. What is z(-5)?
11
Let n(j) = -19*j**3 + 224*j**2 + 14*j + 12. What is n(12)?
-396
Let i(l) = 2*l**3 - 15*l - 41. What is i(-6)?
-383
Let s(r) = r**3 - 112*r**2 + 106*r + 559. What is s(111)?
4
Let l(n) = n**2 - 20*n + 461. Calculate l(24).
557
Let z(p) = -p**3 - 12*p**2 + 167*p + 1904. What is z(-12)?
-100
Let f(t) = 41*t + 2759. What is f(-68)?
-29
Let p(a) = 2*a**2 - 111*a - 230. What is p(-2)?
0
Let o(d) = 2*d**3 - 67*d**2 - 105*d - 90. Give o(35).
-90
Let o(b) = 9715*b + 68010. Determine o(-7).
5
Let q(p) = 15*p**2 - 5*p. Give q(-1).
20
Let n(j) = -27*j**3 - 100*j**2 + 20*j + 10. Determine n(-4).
58
Let x(s) = -4*s**3 - 85*s**2 - 18*s - 139. Give x(-21).
-202
Let t(f) = -2*f**2 + 61*f - 61. Calculate t(30).
-31
Let q(u) = u**2 - 10*u - 6. Calculate q(11).
5
Let h(g) = g**2 + 294*g - 3074. Give h(10).
-34
Let c(o) = 169*o - 698. What is c(4)?
-22
Let t(d) = -d**3 + 21*d**2 + 17*d - 363. Give t(21).
-6
Let z(v) = -v**2 - 26*v - 34. What is z(-24)?
14
Let n(h) = -5*h**2 - 164*h + 1212. Determine n(-39).
3
Let h(j) = 19*j**2 - 27*j - 3. Determine h(2).
19
Let x(l) = 7*l**3 - 1294*l**2 - 185*l - 6. What is x(185)?
-6
Let p(z) = -1289*z - 1294. Calculate p(-1).
-5
Let n(r) = -10*r**3 + r**2 - 15*r + 26. Calculate n(2).
-80
Let w(s) = -s**3 + 21*s**2 - 745*s + 2078. What is w(3)?
5
Let u(d) = -3*d**3 - 115*d**2 - 35*d + 120. Give u(-38).
6
Let s(n) = -222*n + 1305. Give s(6).
-27
Let h(b) = 4*b**3 - 9*b**2 - b -